0 - 88. Is a composite?
True
Let o = 1082 + -735. Is o a prime number?
True
Let b(r) = -49*r**3 - 28*r**2 - 114*r - 6. Is b(-5) prime?
False
Is 78/(-195) - 9824/(-10) composite?
True
Suppose 2*o + t - 877 = 0, -701 + 2435 = 4*o - 2*t. Let z = o - -379. Is z composite?
True
Suppose h + 5*z - 15 = 0, -5 = -h - 3*z + 4. Suppose h = 4*n - 3*b - 17128, 4*n - 4*b - 19162 + 2030 = 0. Is n composite?
True
Let d(g) = 13*g**2 + 6*g + 96. Is d(13) composite?
False
Let v = 1212 + -373. Is v composite?
False
Let u be (-3)/6 - 44511/6. Let n = u - -12452. Is n a prime number?
False
Let j = 24995 - 12848. Is j prime?
False
Suppose -3*s + 11 = -5*i - 29, s + 5*i + 20 = 0. Let h(q) = 2*q**2 - 8*q + 12. Is h(s) prime?
False
Is 4 + (2 - 1) - -4401 prime?
False
Suppose -p + i + 3*i + 19 = 0, 5*p + i = 11. Let d = -989 + 2025. Suppose d = p*r + r. Is r a composite number?
True
Is ((-2)/8)/1 + 718289/52 composite?
True
Let b(c) = -9*c**3 - 39*c**2 + 5*c - 25. Let t(u) = -5*u**3 - 20*u**2 + 3*u - 13. Let y be (0 + 9)/((-39)/26). Let i(s) = y*b(s) + 11*t(s). Is i(8) prime?
False
Is 155913 + (8 - (-1 + 7 + 2)) a composite number?
True
Let c(a) = -a**3 + 68*a**2 - 28*a - 7. Is c(66) a prime number?
True
Is -3 + -4 + 53301 - 66/(-22) prime?
False
Suppose -3*g - 2*p = -80, -4*p + 88 = 3*g - 6*p. Let m = 1569 + g. Is m composite?
False
Let f be 2 + -1 + (-7)/((-14)/6152). Suppose -z + 1220 = -f. Is z prime?
True
Let y be ((-7)/(-2) - 1)*2. Suppose z = -2*d - 8, y*z = z + d + 13. Suppose -z*g - 151 = -389. Is g composite?
True
Is (-10 + (272 - -12))*(-6)/(-4) composite?
True
Suppose -4*o + o = 0. Let y be ((-14)/(-12))/7 - 5273/(-6). Suppose 2*k + k - y = o. Is k a prime number?
True
Let w(x) = -x**3 + 16*x**2 - 12*x - 37. Is w(8) a prime number?
True
Let c be 2 + -10 - 5*(-8)/(-10). Let j = 403 + c. Is j a composite number?
True
Suppose 4*t - 8 = 0, -304 = -j - 5*t + 232. Is j prime?
False
Suppose c + 5*u = 2877, -5726 = 22*c - 24*c - 3*u. Is c composite?
False
Let g be (-1524)/2 + (7 - 3). Is g/(-8) - (-5)/20 prime?
False
Is 70892/111 + 14/6 composite?
False
Suppose 3*j - 21 + 6 = 0. Suppose j*t + 3*f = -1, 5 = -t - 0*t - 3*f. Is -2*(405/(-6) + t) a prime number?
False
Let p(a) = 342*a - 12. Let m(n) = -343*n + 11. Let k be 6/(-2 + 0) - -9. Let w(i) = k*p(i) + 7*m(i). Is w(-2) prime?
False
Let r(v) = 2*v. Let m be r(2). Suppose -m*x + 2*l - 6*l = -3592, -x + 3*l + 910 = 0. Is x composite?
True
Suppose 4*b = -s + 1517, -1692 - 5825 = -5*s - 3*b. Is s composite?
True
Let k(w) = -w**3 + 2*w**2 + 5*w + 1. Let o = -18 - -5. Let l = o - -7. Is k(l) composite?
True
Suppose -184*z = -188*z + 5*c + 39000, c - 38976 = -4*z. Is z composite?
True
Let k = 1552 - -499. Is k composite?
True
Is (-4)/(-3)*954/12 a composite number?
True
Suppose 20 = -0*g + 5*g, 4*s + 960 = 2*g. Let l = s + 429. Is l composite?
False
Let l(j) be the first derivative of 287*j**4/4 + j**3/3 - j - 14. Let t(g) = g + 8. Let c be t(-7). Is l(c) a prime number?
False
Suppose -23*s - 12 = -20*s, -3*k + 4*s + 3793 = 0. Is k a composite number?
False
Suppose 3*k + 9 = 0, -v - 2*k = v - 2. Suppose -5*g = -5*f + 2600, 564 + 482 = 2*f + v*g. Is f composite?
False
Is (6 + -7)/(4/(-37868)) prime?
True
Suppose -24 = -3*u - 3*i, -2*u + i + 0 = -4. Suppose -u*p - 2*q = 113 + 63, 5*q = 4*p + 176. Is (p/12)/(1/(-21)) a composite number?
True
Suppose -4*x = -3*d - 34648, -3*d + 6*d = x - 8653. Is x prime?
False
Let c be (-3 + (-9)/(-3))*1. Suppose -4*g + c*g = -1496. Suppose -34 = 4*m - g. Is m a prime number?
False
Suppose 21*t - 124553 = 56404. Is t a composite number?
True
Let p(h) = h**2 - 6*h + 3. Let t(w) = -w**2 + 5*w - 4. Let r(i) = -3*p(i) - 2*t(i). Let o be r(9). Let y = o - -92. Is y a prime number?
False
Let b be (1 - -1)*(-9 - -10). Suppose 5*r + 0*s + b*s - 1672 = 0, -r + 332 = -2*s. Is r prime?
False
Suppose -8*c + 14 + 2 = 0. Suppose 0 = s + c*s - 4869. Is s prime?
False
Suppose 0 = -3*a + z + 10, 5*a + 3*z + 0*z = 26. Suppose 0 = -5*m - 3*q + 268, -3*q - 211 = -a*m - 2*q. Is m prime?
True
Let b = 17 - 11. Suppose -3*f + b*f - 1230 = 0. Suppose -2*m + 0*i = 2*i - f, 8 = 4*i. Is m composite?
True
Suppose -419 = 5*z + 3*l, 2*z + 3*z + 5*l = -425. Is z/(12/9 + -2) prime?
False
Suppose 0 = -z + 2*a - 4*a + 3, 0 = 2*a - 4. Let w be -1*(2 + z)*-31. Suppose -3*u = -2*u - w. Is u a composite number?
False
Suppose -5*g + 22 = 2*j, 2*g = j - 2*g + 2. Suppose 0 = 5*c - 3*s - 6536, 0 = -j*c + 2*c + s + 5226. Is (-4)/6 - c/(-6) prime?
False
Let j be 32*(6/4)/3. Let g(r) = 27*r + 22. Is g(j) composite?
True
Is (-5258 - (8 + -3 + -2))/(-1) composite?
False
Suppose d + 1184 = -3*f, f - 2*d - 788 = 3*f. Let o = f + 700. Is (3 - -1) + (o - 2) prime?
True
Let n(p) = -p**2 + 9*p - 18. Let d be n(5). Let c = -5 - -8. Is d/(2/c) + 191 composite?
True
Suppose 3352 + 8218 = 10*s. Is s prime?
False
Let j be (-1)/(-6) - (-3)/(-18). Suppose 3*k - 384 - 27 = j. Suppose 4*h - k = 459. Is h a composite number?
False
Suppose 846 = 3*b - 687. Suppose -j + 3*u = u - b, 5*j = 4*u + 2531. Is j composite?
False
Suppose -2*m - 906 = -5*d, 4*d = -0*m + 3*m + 729. Let q(s) = s**2 - 23*s + 3. Let t be q(23). Suppose 21 - d = -t*z. Is z composite?
False
Suppose c + p + 12 = 4*c, -4*c + 9 = p. Suppose 2*u - 163 - 2234 = -c*x, -4*x - u + 3196 = 0. Is x prime?
False
Let m = 6667 - 3924. Is m prime?
False
Let k = -112587 + 40635. Is (k/(-72))/((-2)/(-3)) prime?
True
Suppose -18 = -4*c - 6. Suppose 2*r + 3838 = c*z, -5*z = -4*r + 2137 - 8531. Is z a composite number?
True
Let t = 19762 + 151. Is t prime?
True
Let i(z) = -746*z - 3. Let l be i(3). Let f = 3196 + l. Is f prime?
False
Suppose 0 = -5*g - 2*r, -2*g - 3*r = r - 16. Let h be ((-116)/(-8))/((-1)/g). Suppose -230 = -p - h. Is p a prime number?
False
Let x = 50 - -116. Let b(m) = m**3 + 11*m**2 + 10*m + 6. Let z be b(-7). Suppose 2*n - x = z. Is n a composite number?
False
Let f = -19520 - -28755. Is f prime?
False
Is (2 - 214)*1742/(-104) a prime number?
False
Suppose 2*w + 21 = 3*i, -w - 20 = -2*i - 7. Suppose 3*q = -2*q - i*m + 1495, -2*q + m + 598 = 0. Is q a prime number?
False
Suppose 0 = 5*n - 4*d + 940, n + 376 = -n + 2*d. Let f = n + 436. Suppose -2*o + 882 = 4*b, -5*o - f = -b - 0*b. Is b a composite number?
False
Suppose -4*n + 2*k = 4698, -4*n = 2*k + k + 4713. Let a = -579 - n. Is a composite?
True
Let i = 4586 + 15255. Is i composite?
False
Suppose 9 = 5*m - 1. Let g be (m - 1)/(2/12). Is g/24 - 422/(-8) composite?
False
Suppose -4*t = 5*z + 1787 + 7309, -4*t - 9096 = 2*z. Is (-3)/(-18)*4*t/(-4) a prime number?
True
Suppose 5*z - 10 = 2*b, -2*z - z - 5*b + 6 = 0. Let r(m) = 103*m**2 + 2 + 8 - 4 - 7 - m. Is r(z) composite?
False
Suppose 4*a + 34 = 14. Let l be (96/40)/(1/a). Let i(q) = -17*q + 7. Is i(l) composite?
False
Suppose 0 = 12*n - 42223 - 79781. Is n a composite number?
True
Let j be (0 + 8)*(2/4 + -1). Let p(g) = 170*g**2 + 2*g - 7. Is p(j) a composite number?
True
Suppose -50835 = -193*u + 178*u. Is u composite?
False
Suppose -4*r = -4 - 4. Is 1142*(-4)/(-16)*r a prime number?
True
Let y be ((-80)/(-50))/(2/190). Let v = y - 315. Let i = -32 - v. Is i a prime number?
True
Let j = 375 - 651. Let o = -131 - j. Is o a composite number?
True
Let a be (-1 - 33/9)*(-1623)/2. Suppose 6*b + a = 13*b. Is b composite?
False
Let k(p) = -p**3 + 2*p**2 + p - 6. Let j be k(0). Is (-2)/1 - (j + -145) prime?
True
Let q(o) = 16*o - 7*o + 21*o + 1. Suppose -19 = -p - 15. Is q(p) composite?
True
Suppose 34*d = -13*d + 22607. Is d a composite number?
True
Let q(h) be the third derivative of h**6/120 + 19*h**5/60 + 11*h**4/12 + h**3/2 + 4*h**2. Is q(-16) a prime number?
True
Let s be ((-5516)/42)/((-2)/3). Is s + -6*(-4)/12 a composite number?
False
Let p be 15/6 - (-6)/4. Suppose 6*x = 3*x, p*h + x = 4636. Is h a composite number?
True
Let d = 38 - 34. Suppose 0 = d*x - 3847 - 2061. Is x a composite number?
True
Suppose -b + 3*b - 522 = 0. Let m be b/15 + 9/15. Suppose -2*r - m + 6 = -f, f - 9 = -r. Is f prime?
False
Let k = 4084 + 1258. Is k prime?
False
Suppose 2*s - 35 - 13 = 0. Let b(c) = -c**3 + 27*c**2 - 8*c + 219. Let x be b(27). Suppose s = 3*w - 3*p, -2*w = 2*w - x*p - 31. Is w prime?
True
Suppose j = -5*a - 120, 5*j + 5*a + 676 = -24. Is (13 + -15)/(2/j - 0) a composite number?
